What is the tens digit of k(w)?
6
Let y be -8 - 0 - -6 - -6. Suppose -y*v - 70 = -4*r + 178, -v - 251 = -4*r. What is the tens digit of r?
6
What is the units digit of (59775/(-45))/(10/(-6))?
7
Suppose w + 4*s - 998 - 716 = 0, w - 1742 = 3*s. What is the thousands digit of w?
1
Let q(w) = -w**2 - 14*w. Suppose 4*n + 54 = 6*n. Let m = -34 + n. What is the units digit of q(m)?
9
Let u(i) = i**2 - 19*i + 51. Suppose 12*j - 15*j + 48 = 0. Let a be u(j). What is the units digit of 4/12 + 128/a?
3
Suppose 3*x - 2*x = 298. Let z = 977 - x. What is the units digit of z?
9
Let f(u) = 414*u + 188. Let q(b) = 83*b + 38. Let r(d) = 2*f(d) - 11*q(d). What is the units digit of r(-5)?
3
Let c(z) be the third derivative of -z**6/120 + 4*z**5/15 - 13*z**4/24 - 14*z**3/3 + 9*z**2. Let i be c(15). What is the units digit of (340/(-2))/(2*i/(-4))?
0
What is the hundreds digit of 0 + 15 - (191 - 4903)?
7
Suppose 40*d - 45*d - 3*h + 116465 = 0, 0 = 4*d - 4*h - 93140. What is the thousands digit of d?
3
Let l(p) = p**2 + p - 5. Let r(o) = -o**2 - 22*o + 100. Let w be r(-25). What is the units digit of l(w)?
5
Let m(s) = 2*s**2 + 19*s - 5. Let z be m(-11). Suppose -44 + z = -4*t. What is the units digit of -9*(2/(-3))/(t/74)?
1
Suppose 2*z - 2*b - b = -9882, -2*b + 14828 = -3*z. What is the tens digit of z/(-144)*(0 + 9)?
0
Suppose 4*s + 0*z = 2*z + 96, -2*z = s - 14. Suppose -4*v + s = 3*g, 5*v = -0*g - g + 33. Suppose -10*d + 660 = -v*d. What is the units digit of d?
0
Let v = -619 - -632. Suppose -8*q - v*q = -17283. What is the units digit of q?
3
Let c(w) = 3*w**2 - 4*w - 5. Let k = -24 + 31. Suppose -2*a - a - 9 = 0, -k = 4*j - 3*a. What is the tens digit of c(j)?
5
Let c(k) be the second derivative of -k**4/12 + 8*k**3/3 + 37*k**2/2 + 39*k. What is the units digit of c(16)?
7
Suppose -169 = -2*t - 51. Let f = 64 - t. What is the units digit of 0 - f*23/(-1)?
5
Let n(j) = 25309*j**2 - 65*j - 60. What is the hundreds digit of n(-1)?
3
Suppose -r = 3*u - 3145, -5*u + 2*r + 5852 - 603 = 0. What is the units digit of u?
9
Suppose 0 = v - 8 + 5. Suppose -4*o + 1728 = 2*n + v*n, 4*n + o = 1378. What is the tens digit of n?
4
Suppose 6*u - 214 = u - 2*j, -5*u - j = -212. Let a(p) = 20*p + 20*p - u*p + 23. What is the units digit of a(8)?
7
Let f(r) = 6*r**2 - 389*r - 396. What is the tens digit of f(77)?
2
Suppose -9 = -3*h + 2*z + 1, 0 = 3*h + 2*z - 2. Suppose 0 = -3*d, 3*d - d = h*o - 302. What is the hundreds digit of o?
1
Let u be 2 + (192/4 - -1). Let q = -53 - u. What is the units digit of (-4)/(-26) - (11424/q + -7)?
7
Suppose -6*v = -2 - 10. Suppose -z + 0*y = -y + 562, v*z + 4*y + 1118 = 0. Let l = z - -815. What is the tens digit of l?
5
Suppose 3*p = 3*y - 37311, 2*y - 24892 = -5*p + 10*p. What is the units digit of y?
1
Let i = -50 + -156. What is the hundreds digit of (i/(-6) - -5)*(-2 - -26)?
9
Let d(c) = 936*c - 3243. What is the tens digit of d(14)?
6
Let v(c) = c**3 - 4*c**2 + c + 1. Let k(r) = -r**3 + 4*r**2 - 3*r. Let d(b) = -4*k(b) - 5*v(b). Let f = -4 - -8. What is the units digit of d(f)?
3
What is the ten thousands digit of ((-3293)/(-3))/(80/1200)?
1
Let h = 29 - 20. Let v(u) = 4*u**2 + 10*u - 3. What is the tens digit of v(h)?
1
Let k = 617 + 176. Let a = k + -124. What is the hundreds digit of a?
6
Suppose -5*n - 2*t = 384, -n + 6*t - 2*t - 68 = 0. Let j be -2 + 2 + (516/2 - 3). Let s = n + j. What is the hundreds digit of s?
1
Suppose -2*t + 64*t - 21*t = 32513. What is the tens digit of t?
9
Let v = 249 - 2401. What is the units digit of v/(-14)*((-189)/6)/(-9)?
8
Suppose h - 2*h = 2330. What is the units digit of (3 + (-77)/35)*h/(-4)?
6
Suppose 3*m = -4*t + 566, 0*t = -3*m + 2*t + 536. Suppose 0 = 5*i - m - 238. What is the units digit of i - 2 - (-2 - -1)?
3
Let g = -10 - -7. Let o = -65 + 72. What is the units digit of 1*o*12 - g?
7
Suppose 5*y = n + 13, 0 = -9*n + 13*n - 3*y + 1. Suppose -3*c + 329 = l, -n*l = -2*c - 0*c + 230. What is the tens digit of c?
1
Let w(k) = -991*k**3 + 10*k**2 + 19*k + 4. What is the units digit of w(-2)?
4
Suppose -o = 3, -294*r - 43943 = -298*r - 3*o. What is the hundreds digit of r?
9
Suppose -5*u = -3*s - u + 43229, -5*u - 57639 = -4*s. What is the hundreds digit of s?
4
Suppose 8*v - 3*v = 1125. Suppose -v = -5*d + 150. Suppose -2*u + 3*s + d = 0, 0 = 5*u + 4*s + s - 175. What is the tens digit of u?
3
Let p(y) = 179*y**2 + 33*y - 215. What is the thousands digit of p(8)?
1
Let m be -3 + 15 + (4 - 7)*1. Let w(v) = -10*v - m*v + 18 + 2*v - 6*v. What is the units digit of w(-6)?
6
Suppose -5*o - y + 276 = 3, 5*o - 3*y - 281 = 0. Suppose 3 = -4*k + o. Let x(a) = a**2 - 9*a - 7. What is the units digit of x(k)?
5
Let x be (0/(-11))/(((-2)/(-1))/1). Suppose x = 6*m - 20 - 10. Suppose -4*b + 126 = 5*g + 2, 0 = m*g. What is the units digit of b?
1
Suppose g - s - 33 = 0, 133 = 6*g - g + 3*s. Let t(d) = 18*d - 20. What is the hundreds digit of t(g)?
5
Suppose y - 1379 = -3*b, -108*b + 107*b = -y + 1395. What is the hundreds digit of y?
3
Let z(p) be the first derivative of -p**4/4 + 7*p**3/3 + 3*p**2 - 3*p + 71. What is the tens digit of z(6)?
6
Suppose -5*v = 3*b - 12365, -26*v - 9900 = -30*v - 4*b. What is the units digit of v?
0
Let z = -42 - -46. Suppose 0 = 2*r + 17*a - 16*a - 2562, -r + z*a = -1299. What is the units digit of r?
3
Let o be 4/(-22) + (-2652)/(-66). Let g be 615/12 + (-10)/o. Let a = g + -8. What is the units digit of a?
3
Let y(t) be the first derivative of 35*t**3/3 + t**2 + 21*t - 1. What is the hundreds digit of y(4)?
5
Let d(q) = 13475*q - 3288. What is the tens digit of d(6)?
6
Suppose 3*g = 5*o - 22947, -4599 = -o - g + 4*g. Suppose 4*i = -i + 5*u + 5740, -4*i + 5*u = -o. What is the thousands digit of i?
1
Let s(n) be the first derivative of n**3 - 5*n**2 + 3*n - 4. Let l be s(4). Suppose -4*x + 129 = b, 3*x - l = 4. What is the units digit of b?
9
Let m(c) = 43 + 14*c**2 - c**3 + 5*c - 14*c - 46. Let p be m(10). Let k = p + -204. What is the units digit of k?
3
Let w(j) = -2*j + 24. Let o = 46 - 36. Let z be w(o). Suppose c = -4*c + z*g + 384, c - 75 = -g. What is the units digit of c?
6
Let o(i) = -4842*i - 4858. What is the hundreds digit of o(-5)?
3
Suppose -422*y + 857*y - 80600 = 427*y. What is the thousands digit of y?
0
Suppose 6*k - 5*w = 2*k + 2, -k + 11 = 4*w. Suppose -x + 23*q = 22*q - 733, -k*x + 2199 = q. What is the tens digit of x?
3
Suppose -14*y - 4*y = -2340. Suppose y*w - 124*w - 48 = 0. What is the units digit of w?
8
Let k(o) = o**2 - o - 45. Let i be ((-36)/8 - -6)/(6/56). What is the hundreds digit of k(i)?
1
Let u = 5690 + 1885. What is the hundreds digit of u?
5
Let n(z) = 40*z + 89. Let k be n(-6). Let u = k + 478. What is the tens digit of u?
2
Suppose 0 = -4*m + m - 5*c - 43, -5*c - 1 = -4*m. What is the tens digit of m/2 - (2 - (387 + 4))?
8
Let s(z) = -z**3 + 3*z**2 + 6*z + 5. Let l be s(5). What is the tens digit of (216/l)/(2/(-60))?
3
Let s(l) = -13*l - 82. Let r be s(-32). Let a = r + -280. What is the tens digit of a?
5
Suppose -80*c + 858 = -93*c. What is the tens digit of (-1 - -124)/(-7 - 468/c)?
5
Suppose 0 = -4*n + 128 - 108. Let t(o) = 212*o - 73. What is the hundreds digit of t(n)?
9
Suppose -4*a = 33 - 5. Let f(l) = -35*l + 26. Let s be f(a). Suppose 5 = 3*b - s. What is the units digit of b?
2
Suppose -6 = 11*u - 17. What is the hundreds digit of u/(2/1251) + (-9)/6?
6
Let q = 6341 + -3603. What is the tens digit of q?
3
Suppose 7*w + 48 = 13*w. Let r(n) = -n**3 + 10*n**2 - 3*n + 6. Let b be r(w). Let s = b + -55. What is the tens digit of s?
5
Let p = 5 + 1. Let z(f) = -f**2 - f - 1. Let g(r) = 4*r - 20. Let b(t) = -g(t) - z(t). What is the tens digit of b(p)?
3
Let t(p) = 1. Let s(d) = 7*d**2 + 12*d - 1. Let z(y) = s(y) + t(y). What is the tens digit of z(8)?
4
Let z(f) = -104*f**3 + 2*f**2 - 4*f + 2. Let u be z(1). Let y = 107 + u. Suppose 0 = 5*i - 25, -6*d + 3*i + 177 = -y*d. What is the units digit of d?
4
Let u(l) = 129*l + 13. Suppose 22*c = 17*c + 20. Let n be u(c). Suppose a = -4*t + n, 0 = -t - t + 3*a + 247. What is the tens digit of t?
3
Let u be 10/60 + 46/12. What is the units digit of u*(-9 + 8) + 636?
2
Let c(w) be the first derivative of 4*w**3/3 + 17*w**2/2 + 39*w - 75. What is the tens digit of c(-9)?
1
Let q =